 the greatest common factor of 327917526 and 1002.
1002
Calculate the greatest common divisor of 775836650 and 4318.
4318
Calculate the greatest common divisor of 12956 and 44075.
41
Calculate the highest common divisor of 454129 and 3281.
193
What is the highest common divisor of 16958574 and 54?
18
What is the greatest common factor of 360 and 46079620?
20
What is the highest common factor of 9416 and 684479?
107
What is the highest common factor of 13017 and 33475385?
4339
What is the greatest common factor of 6955 and 166595?
65
Calculate the highest common divisor of 61701256 and 122.
122
What is the greatest common factor of 14946950 and 16310?
2330
Calculate the greatest common factor of 3294 and 8794566.
18
What is the highest common divisor of 541625 and 735?
35
Calculate the greatest common factor of 23995619 and 5882.
2941
What is the highest common factor of 16919832 and 3600?
24
Calculate the highest common divisor of 818940 and 2544.
12
Calculate the greatest common factor of 176665 and 20915.
445
Calculate the greatest common factor of 24 and 2474376.
24
Calculate the highest common divisor of 2790 and 26676432.
18
Calculate the greatest common factor of 348455469 and 99108.
8259
What is the greatest common divisor of 826 and 1358473879?
413
What is the highest common divisor of 165 and 5316762?
33
Calculate the highest common factor of 28254109 and 39.
13
Calculate the highest common factor of 1216 and 4020590.
38
What is the highest common factor of 44322816 and 48?
48
What is the highest common factor of 39 and 12152790?
39
Calculate the highest common divisor of 207397314 and 17.
17
What is the highest common factor of 51507054 and 27738?
1206
What is the greatest common divisor of 9142338 and 713091?
2841
What is the highest common factor of 1298 and 1339890?
118
What is the highest common divisor of 86196 and 38274942?
3918
Calculate the highest common factor of 3206812 and 204.
68
What is the highest common factor of 170250 and 121250?
250
What is the highest common factor of 782598 and 19182?
138
Calculate the greatest common factor of 105074457 and 177.
177
Calculate the greatest common factor of 284994 and 96702.
426
What is the greatest common factor of 112842553 and 101?
101
Calculate the greatest common divisor of 5607 and 2722599.
801
Calculate the greatest common divisor of 46 and 1132394.
2
Calculate the greatest common divisor of 155565 and 153.
9
Calculate the highest common factor of 8696 and 29699014.
2174
Calculate the greatest common divisor of 9 and 6576249.
3
What is the highest common divisor of 2646 and 6806884?
98
Calculate the highest common divisor of 9924 and 9926481.
2481
What is the highest common divisor of 161 and 625025?
23
Calculate the greatest common divisor of 23400 and 61308.
468
Calculate the highest common factor of 24075210 and 121717.
2063
Calculate the highest common factor of 1184051308 and 5048.
2524
What is the highest common divisor of 4121911 and 808?
101
Calculate the greatest common divisor of 2400263 and 779.
41
What is the greatest common divisor of 12 and 114897957?
3
What is the greatest common factor of 6701874 and 48?
6
Calculate the highest common divisor of 216 and 17334324.
108
What is the highest common factor of 355244610 and 140?
70
Calculate the highest common factor of 7429724 and 568.
284
What is the highest common factor of 5518848 and 3456?
384
What is the highest common divisor of 124452 and 3708?
36
Calculate the greatest common divisor of 21564 and 1804.
4
What is the greatest common factor of 111804 and 122694?
726
Calculate the greatest common factor of 24332 and 3356631.
79
What is the highest common factor of 139574 and 3439?
19
Calculate the highest common factor of 373578 and 202044.
678
Calculate the greatest common divisor of 371 and 21538405.
371
What is the highest common factor of 29638 and 168896?
406
Calculate the greatest common factor of 92313970 and 310.
310
Calculate the highest common divisor of 2341401 and 665403.
2271
Calculate the greatest common factor of 123486 and 58068356.
3742
What is the greatest common factor of 28368160 and 400?
80
Calculate the highest common factor of 130000 and 18792500.
2500
What is the highest common factor of 647892 and 473445?
189
What is the highest common divisor of 1241704 and 6204?
4
What is the greatest common divisor of 234360553 and 777?
259
What is the highest common divisor of 33812 and 824444?
316
What is the highest common divisor of 6765 and 3440679?
1353
Calculate the highest common factor of 800 and 1319040.
160
Calculate the highest common divisor of 65126226 and 1374.
1374
Calculate the greatest common divisor of 737701 and 51.
1
What is the highest common factor of 208 and 10622677?
13
What is the highest common factor of 16113360 and 5520?
240
What is the highest common factor of 29162946 and 6?
6
Calculate the highest common divisor of 38283040 and 61594.
4738
Calculate the greatest common factor of 210 and 5489610.
210
What is the greatest common factor of 9 and 3605277?
3
Calculate the greatest common divisor of 14498586 and 6426.
306
What is the greatest common factor of 9 and 38926431?
9
Calculate the highest common divisor of 7966 and 608509084.
1138
Calculate the greatest common factor of 210945216 and 192.
192
What is the greatest common divisor of 16422 and 1221852?
138
Calculate the highest common factor of 1260 and 541230.
30
Calculate the greatest common divisor of 41018245 and 95.
95
What is the highest common factor of 6217770 and 20330?
1070
Calculate the greatest common divisor of 1911 and 64670424.
273
Calculate the greatest common divisor of 44384 and 6247048.
11096
Calculate the highest common factor of 2502736 and 32.
16
What is the greatest common factor of 16117074 and 18?
18
What is the greatest common factor of 333802 and 3304?
14
Calculate the greatest common factor of 464559 and 22440.
51
What is the highest common divisor of 16037 and 1499183?
553
Calculate the greatest common divisor of 45643 and 86026522.
3511
Calculate the greatest common divisor of 5004768 and 192.
96
Calculate the greatest common divisor of 44 and 546647783.
11
Calculate the highest common factor of 285 and 142969395.
285
What is the greatest common divisor of 45462537 and 18?
9
Calculate the highest common divisor of 8 and 297344960.
8
What is the greatest common factor of 9423324 and 540?
108
What is the greatest common divisor of 47093514 and 33540?
3354
What is the greatest common factor of 12981542 and 249522?
6398
Calculate the greatest common factor of 349 and 271385890.
349
Calculate the greatest common factor of 132 and 11878548.
132
Calculate the greatest common divisor of 909680111 and 7142.
3571
Calculate the highest common divisor of 137505570 and 54846.
1662
Calculate the greatest common divisor of 2771721 and 126.
9
What is the highest common divisor of 7016 and 5416?
8
Calculate the highest common divisor of 14641833 and 954.
159
What is the highest common divisor of 4719 and 96515991?
429
What is the highest common factor of 304871751 and 15138?
7569
What is the highest common factor of 14753556 and 216?
108
What is the highest common divisor of 1218 and 173473062?
42
What is the greatest common divisor of 7854 and 189420?
462
What is the highest common factor of 45160724 and 649?
59
What is the greatest common factor of 915 and 331901?
61
What is the greatest common divisor of 110656 and 184000?
64
What is the greatest common factor of 6493194 and 32399?
181
What is the highest common factor of 28 and 10492181?
7
What is the greatest common divisor of 15773724 and 912?
228
Calculate the greatest common factor of 23 and 27146141.
23
Calculate the greatest common divisor of 78528 and 14064.
48
What is the highest common divisor of 672 and 55929504?
96
Calculate the greatest common divisor of 1324184672 and 1003.
1003
What is the highest common divisor of 9497530 and 45934?
2702
What is the greatest common factor of 26 and 1284712?
26
What is the greatest common divisor of 3215 and 161795?
5
Calculate the highest common divisor of 48603 and 13810876.
953
Calculate the highest common factor of 1127 and 1400058576.
1127
What is the greatest common factor of 23356372 and 20